{"id":10361,"date":"2019-07-02T22:10:54","date_gmt":"2019-07-02T19:10:54","guid":{"rendered":"http:\/\/info-jobs.ro\/?page_id=10361"},"modified":"2021-04-20T14:42:47","modified_gmt":"2021-04-20T11:42:47","slug":"metodologii-si-proceduri","status":"publish","type":"page","link":"https:\/\/info-jobs.ro\/?page_id=10361","title":{"rendered":"Metodologii \u0219i proceduri"},"content":{"rendered":"\n<p><strong>1. METODOLOGIE PRIVIND IMPLEMENTAREA SUBACTIVIT\u0102\u021aII A 6.4.<\/strong><\/p>\n\n\n\n<ul class=\"wp-block-list\"><li><a rel=\"noreferrer noopener\" aria-label=\"Metodologie implementare (se deschide \u00eentr-o fil\u0103 nou\u0103)\" href=\"http:\/\/www.info-jobs.ro\/app\/wp-content\/uploads\/metodologie\/01.1.Metodologie.pdf\" target=\"_blank\">Metodologie implementare<\/a><\/li><li><a rel=\"noreferrer noopener\" aria-label=\"Anexa 1 - Raport de monitorizare - verificare financiar\u0103 (se deschide \u00eentr-o fil\u0103 nou\u0103)\" href=\"http:\/\/www.info-jobs.ro\/app\/wp-content\/uploads\/metodologie\/01.2.Anexa_1_financiar.pdf\" target=\"_blank\">Anexa 1 &#8211; Raport de monitorizare &#8211; verificare financiar\u0103<\/a><\/li><li><a rel=\"noreferrer noopener\" aria-label=\"Anexa 1 - Raport de monitorizare - verificare tehnic\u0103 (se deschide \u00eentr-o fil\u0103 nou\u0103)\" href=\"http:\/\/www.info-jobs.ro\/app\/wp-content\/uploads\/metodologie\/01.3.Anexa_1_tehnic.pdf\" target=\"_blank\">Anexa 1 &#8211; Raport de monitorizare &#8211; verificare tehnic\u0103<\/a><\/li><li><a rel=\"noreferrer noopener\" aria-label=\"Anexa 2 - Raport lunar beneficiar ajutor minimis (se deschide \u00eentr-o fil\u0103 nou\u0103)\" href=\"http:\/\/www.info-jobs.ro\/app\/wp-content\/uploads\/metodologie\/01.4.Anexa_2.pdf\" target=\"_blank\">Anexa 2 &#8211; Raport lunar beneficiar ajutor minimis<\/a><\/li><li><a rel=\"noreferrer noopener\" aria-label=\"Anexa 3 - Eviden\u021ba cheltuielilor (se deschide \u00eentr-o fil\u0103 nou\u0103)\" href=\"http:\/\/www.info-jobs.ro\/app\/wp-content\/uploads\/metodologie\/01.5.Anexa_3.pdf\" target=\"_blank\">Anexa 3 &#8211; Eviden\u021ba cheltuielilor<\/a><\/li><li><a rel=\"noreferrer noopener\" aria-label=\"Anexa 4 - Act adi\u021bional (se deschide \u00eentr-o fil\u0103 nou\u0103)\" href=\"http:\/\/www.info-jobs.ro\/app\/wp-content\/uploads\/metodologie\/01.6.Anexa_4.pdf\" target=\"_blank\">Anexa 4 &#8211; Act adi\u021bional<\/a><\/li><li><a href=\"http:\/\/www.info-jobs.ro\/app\/wp-content\/uploads\/metodologie\/01.7.Anexa_5.pdf\" target=\"_blank\" rel=\"noreferrer noopener\" aria-label=\"Anexa 5 - Notificare (se deschide \u00eentr-o fil\u0103 nou\u0103)\">Anexa 5 &#8211; Notificare<\/a><\/li><\/ul>\n\n\n\n<hr class=\"wp-block-separator\"\/>\n\n\n\n<p><strong>2. PROCEDURA PRIVIND ACORDAREA SUBVEN\u021aIILOR<\/strong><\/p>\n\n\n\n<ul class=\"wp-block-list\"><li><a rel=\"noreferrer noopener\" aria-label=\"Procedur\u0103 acordare subven\u021bie (se deschide \u00eentr-o fil\u0103 nou\u0103)\" href=\"http:\/\/www.info-jobs.ro\/app\/wp-content\/uploads\/metodologie\/02.0.PO_acordare_subventie.pdf\" target=\"_blank\">Procedur\u0103 acordare subven\u021bie<\/a><\/li><li><a rel=\"noreferrer noopener\" aria-label=\"Contract de subven\u021bie (se deschide \u00eentr-o fil\u0103 nou\u0103)\" href=\"http:\/\/www.info-jobs.ro\/app\/wp-content\/uploads\/metodologie\/02.1.Contract_subventie.pdf\" target=\"_blank\">Contract de subven\u021bie<\/a><\/li><li><a rel=\"noreferrer noopener\" aria-label=\"Formular de identificare financiar\u0103 (se deschide \u00eentr-o fil\u0103 nou\u0103)\" href=\"http:\/\/www.info-jobs.ro\/app\/wp-content\/uploads\/metodologie\/02.2.Formular_identificare_financiara.pdf\" target=\"_blank\">Formular de identificare financiar\u0103<\/a><\/li><li><a rel=\"noreferrer noopener\" aria-label=\"Cerere acordare tran\u0219a 1 (se deschide \u00eentr-o fil\u0103 nou\u0103)\" href=\"http:\/\/www.info-jobs.ro\/app\/wp-content\/uploads\/metodologie\/02.3.Cerere_acordare_transa_1.pdf\" target=\"_blank\">Cerere acordare tran\u0219a 1<\/a><\/li><li><a rel=\"noreferrer noopener\" aria-label=\"Cerere acordare tran\u0219a 2 (se deschide \u00eentr-o fil\u0103 nou\u0103)\" href=\"http:\/\/www.info-jobs.ro\/app\/wp-content\/uploads\/metodologie\/02.4.Cerere_acordare_transa_2.pdf\" target=\"_blank\">Cerere acordare tran\u0219a 2<\/a><\/li><li><a rel=\"noreferrer noopener\" aria-label=\"Decizie numire comisie (se deschide \u00eentr-o fil\u0103 nou\u0103)\" href=\"http:\/\/www.info-jobs.ro\/app\/wp-content\/uploads\/metodologie\/02.5.Decizie_numire_comisie.pdf\" target=\"_blank\">Decizie numire comisie<\/a><\/li><li><a rel=\"noreferrer noopener\" aria-label=\"Proces verbal analiz\u0103 dosar (se deschide \u00eentr-o fil\u0103 nou\u0103)\" href=\"http:\/\/www.info-jobs.ro\/app\/wp-content\/uploads\/metodologie\/02.6.Proces_verbal_analiza_dosar.pdf\" target=\"_blank\">Proces verbal analiz\u0103 dosar<\/a><\/li><li><a rel=\"noreferrer noopener\" aria-label=\"Decizie acordare subven\u021bii (se deschide \u00eentr-o fil\u0103 nou\u0103)\" href=\"http:\/\/www.info-jobs.ro\/app\/wp-content\/uploads\/metodologie\/02.7.Decizie_acordare_subventii.pdf\" target=\"_blank\">Decizie acordare subven\u021bii<\/a><\/li><li><a href=\"http:\/\/www.info-jobs.ro\/app\/wp-content\/uploads\/metodologie\/02.8.Borderou_subventii.pdf\" target=\"_blank\" rel=\"noreferrer noopener\" aria-label=\"Borderou subven\u021bii (se deschide \u00eentr-o fil\u0103 nou\u0103)\">Borderou subven\u021bii<\/a><\/li><\/ul>\n\n\n\n<hr class=\"wp-block-separator\"\/>\n\n\n\n<p><strong>3. PROCEDUR\u0102 ACHIZI\u021aII PENTRU BENEFICIARII AJUTORULUI DE MINIMIS<\/strong><\/p>\n\n\n\n<ul class=\"wp-block-list\"><li><a rel=\"noreferrer noopener\" aria-label=\"Procedur\u0103 achizi\u021bii (se deschide \u00eentr-o fil\u0103 nou\u0103)\" href=\"http:\/\/www.info-jobs.ro\/app\/wp-content\/uploads\/metodologie\/03.1.Procedura_achizitii.pdf\" target=\"_blank\">Procedur\u0103 achizi\u021bii<\/a><\/li><li><a rel=\"noreferrer noopener\" aria-label=\"Anexa 1 - Not\u0103 privind estimarea valorii (se deschide \u00eentr-o fil\u0103 nou\u0103)\" href=\"http:\/\/www.info-jobs.ro\/app\/wp-content\/uploads\/metodologie\/03.2.Anexa_1.pdf\" target=\"_blank\">Anexa 1 &#8211; Not\u0103 privind estimarea valorii<\/a><\/li><li><a rel=\"noreferrer noopener\" aria-label=\" (se deschide \u00eentr-o fil\u0103 nou\u0103)\" href=\"http:\/\/www.info-jobs.ro\/app\/wp-content\/uploads\/metodologie\/03.3.Anexa_2.pdf\" target=\"_blank\">Anexa 2 &#8211; Solicitare ofert\u0103<\/a><\/li><li><a rel=\"noreferrer noopener\" aria-label=\" (se deschide \u00eentr-o fil\u0103 nou\u0103)\" href=\"http:\/\/www.info-jobs.ro\/app\/wp-content\/uploads\/metodologie\/03.4.Anexa_3.pdf\" target=\"_blank\">Anexa 3 &#8211; Not\u0103 justificativ\u0103 \u0219i studiu de pia\u021b\u0103<\/a><\/li><li><a rel=\"noreferrer noopener\" aria-label=\" (se deschide \u00eentr-o fil\u0103 nou\u0103)\" href=\"http:\/\/www.info-jobs.ro\/app\/wp-content\/uploads\/metodologie\/03.5.Anexa_4.pdf\" target=\"_blank\">Anexa 4 &#8211; Contract produs<\/a><\/li><li><a rel=\"noreferrer noopener\" aria-label=\" (se deschide \u00eentr-o fil\u0103 nou\u0103)\" href=\"http:\/\/www.info-jobs.ro\/app\/wp-content\/uploads\/metodologie\/03.6.Anexa_5.pdf\" target=\"_blank\">Anexa 5 &#8211; Contract servicii<\/a><\/li><li><a rel=\"noreferrer noopener\" aria-label=\" (se deschide \u00eentr-o fil\u0103 nou\u0103)\" href=\"http:\/\/www.info-jobs.ro\/app\/wp-content\/uploads\/metodologie\/03.7.Anexa_6.pdf\" target=\"_blank\">Anexa 6 &#8211; Proces verbal recep\u021bie produs<\/a><\/li><li><a href=\"http:\/\/www.info-jobs.ro\/app\/wp-content\/uploads\/metodologie\/03.8.Anexa_7.pdf\" target=\"_blank\" rel=\"noreferrer noopener\" aria-label=\" (se deschide \u00eentr-o fil\u0103 nou\u0103)\">Anexa 7 &#8211; Proces verbal serviciu<\/a><\/li><\/ul>\n\n\n\n<hr class=\"wp-block-separator\"\/>\n\n\n\n<p>4. <strong>METODOLOGIE DE REALIZARE A MONITORIZ\u0102RII CELOR 75 IMM \u00ceNFIIN\u021aATE LA NIVELUL REGIUNII SUD-EST<\/strong><\/p>\n\n\n\n<ul class=\"wp-block-list\"><li><a href=\"http:\/\/www.info-jobs.ro\/app\/wp-content\/uploads\/metodologie\/04.A7.2._METODOLOGIE DE REALIZARE A MONITORIZARII.pdf\" target=\"_blank\" rel=\"noreferrer noopener\">A 7.2._METODOLOGIE DE REALIZARE A MONITORIZARII<\/a><\/li><li><a href=\"http:\/\/www.info-jobs.ro\/app\/wp-content\/uploads\/metodologie\/04.A7.2._Anexa 1 Raport lunar de sustenabilitate_VF.pdf\" target=\"_blank\" rel=\"noreferrer noopener\">A 7.2._Anexa 1 Raport lunar de sustenabilitate_VF<\/a><\/li><li><a href=\"http:\/\/www.info-jobs.ro\/app\/wp-content\/uploads\/metodologie\/04.A7.2._Anexa 2 Raport de monitorizare - verificare financiara_VF.pdf\" target=\"_blank\" rel=\"noreferrer noopener\">A 7.2._Anexa 2 Raport de monitorizare &#8211; verificare financiara_VF<\/a><\/li><li><a href=\"http:\/\/www.info-jobs.ro\/app\/wp-content\/uploads\/metodologie\/04.A7.2._Anexa 3 Raport de monitorizare tehnica_VF.pdf\" target=\"_blank\" rel=\"noreferrer noopener\">A 7.2._Anexa 3 Raport de monitorizare tehnica_VF<\/a><\/li><li><a href=\"http:\/\/www.info-jobs.ro\/app\/wp-content\/uploads\/metodologie\/04.A7.2._Anexa 4 Fisa monitorizare rapoarte lunare sustenabilitate_VF.pdf\" target=\"_blank\" rel=\"noreferrer noopener\">A 7.2._Anexa 4 Fisa monitorizare rapoarte lunare sustenabilitate_VF<\/a><\/li><\/ul>\n\n\n\n<hr class=\"wp-block-separator\"\/>\n\n\n\n<p>5. <strong><a href=\"http:\/\/www.info-jobs.ro\/app\/wp-content\/uploads\/metodologie\/A 7.1._PLAN DE ASIGURARE A SUSTENABILITATII_VF.pdf\" target=\"_blank\" rel=\"noreferrer noopener\">PLAN DE ASIGURARE A SUSTENABILITATII IDEILOR DE AFACERI<\/a><\/strong><\/p>\n\n\n\n<hr class=\"wp-block-separator\"\/>\n\n\n\n<p>6. <strong><a href=\"http:\/\/www.info-jobs.ro\/app\/wp-content\/uploads\/metodologie\/A 7.3._Program multianual_VF.pdf\" target=\"_blank\" rel=\"noreferrer noopener\">PROGRAM MULTIANUAL DE DEZVOLTARE A CAPACITATII COMPETITIVE SI DE IMBUNATATIRE A ACCESULUI FIRMELOR NOI PE PIATA IN REGIUNEA SUD-EST<\/a><\/strong><\/p>\n\n\n\n<hr class=\"wp-block-separator\"\/>\n\n\n\n<p>7. <strong><a href=\"http:\/\/www.info-jobs.ro\/app\/wp-content\/uploads\/metodologie\/A 7.3._Strategie sustenabila antreprenoriat_VF.pdf\" target=\"_blank\" rel=\"noreferrer noopener\">STRATEGIA SUSTENABILA DE DEZVOLTARE A ANTREPRENORIATULUI SI DE EXTINDERE A ACTIVITATII INTREPRINDERILOR\/FIRMELOR INFIINTATE PRIN FINANTARE DIN FONDURI EUROPENE IN REGIUNEA SUD-EST<\/a><\/strong><\/p>\n","protected":false},"excerpt":{"rendered":"<p>1. METODOLOGIE PRIVIND IMPLEMENTAREA SUBACTIVIT\u0102\u021aII A 6.4. Metodologie implementare Anexa 1 &#8211; Raport de monitorizare &#8211; verificare financiar\u0103 Anexa 1 &#8211; Raport de monitorizare &#8211; verificare tehnic\u0103 Anexa 2 &#8211; Raport lunar beneficiar ajutor minimis Anexa 3 &#8211; Eviden\u021ba cheltuielilor Anexa 4 &#8211; Act adi\u021bional Anexa 5 &#8211; Notificare 2. PROCEDURA PRIVIND ACORDAREA SUBVEN\u021aIILOR Procedur\u0103 [&hellip;]<\/p>\n","protected":false},"author":2,"featured_media":0,"parent":0,"menu_order":0,"comment_status":"closed","ping_status":"closed","template":"","meta":{"footnotes":""},"class_list":["post-10361","page","type-page","status-publish","hentry"],"yoast_head":"<!-- This site is optimized with the Yoast SEO plugin v26.9 - https:\/\/yoast.com\/product\/yoast-seo-wordpress\/ -->\n<title>Metodologii \u0219i proceduri - Info-Jobs.ro<\/title>\n<meta name=\"description\" content=\"metodologii si proceduri - start up pentru regiunea sud-est, institutul pentru dezvoltarea resurselor umane\" \/>\n<meta name=\"robots\" content=\"index, follow, max-snippet:-1, max-image-preview:large, max-video-preview:-1\" \/>\n<link rel=\"canonical\" href=\"https:\/\/info-jobs.ro\/?page_id=10361\" \/>\n<meta property=\"og:locale\" content=\"ro_RO\" \/>\n<meta property=\"og:type\" content=\"article\" \/>\n<meta property=\"og:title\" content=\"Metodologii \u0219i proceduri - Info-Jobs.ro\" \/>\n<meta property=\"og:description\" content=\"metodologii si proceduri - start up pentru regiunea sud-est, institutul pentru dezvoltarea resurselor umane\" \/>\n<meta property=\"og:url\" content=\"https:\/\/info-jobs.ro\/?page_id=10361\" \/>\n<meta property=\"og:site_name\" content=\"Info-Jobs.ro\" \/>\n<meta property=\"article:modified_time\" content=\"2021-04-20T11:42:47+00:00\" \/>\n<meta name=\"twitter:card\" content=\"summary_large_image\" \/>\n<meta name=\"twitter:label1\" content=\"Timp estimat pentru citire\" \/>\n\t<meta name=\"twitter:data1\" content=\"1 minut\" \/>\n<script type=\"application\/ld+json\" class=\"yoast-schema-graph\">{\"@context\":\"https:\/\/schema.org\",\"@graph\":[{\"@type\":\"WebPage\",\"@id\":\"https:\/\/info-jobs.ro\/?page_id=10361\",\"url\":\"https:\/\/info-jobs.ro\/?page_id=10361\",\"name\":\"Metodologii \u0219i proceduri - Info-Jobs.ro\",\"isPartOf\":{\"@id\":\"https:\/\/info-jobs.ro\/#website\"},\"datePublished\":\"2019-07-02T19:10:54+00:00\",\"dateModified\":\"2021-04-20T11:42:47+00:00\",\"description\":\"metodologii si proceduri - start up pentru regiunea sud-est, institutul pentru dezvoltarea resurselor umane\",\"breadcrumb\":{\"@id\":\"https:\/\/info-jobs.ro\/?page_id=10361#breadcrumb\"},\"inLanguage\":\"ro-RO\",\"potentialAction\":[{\"@type\":\"ReadAction\",\"target\":[\"https:\/\/info-jobs.ro\/?page_id=10361\"]}]},{\"@type\":\"BreadcrumbList\",\"@id\":\"https:\/\/info-jobs.ro\/?page_id=10361#breadcrumb\",\"itemListElement\":[{\"@type\":\"ListItem\",\"position\":1,\"name\":\"Prima pagin\u0103\",\"item\":\"https:\/\/info-jobs.ro\/\"},{\"@type\":\"ListItem\",\"position\":2,\"name\":\"Metodologii \u0219i proceduri\"}]},{\"@type\":\"WebSite\",\"@id\":\"https:\/\/info-jobs.ro\/#website\",\"url\":\"https:\/\/info-jobs.ro\/\",\"name\":\"Info-Jobs.ro\",\"description\":\"Startup pentru Regiunea Sud-Est\",\"potentialAction\":[{\"@type\":\"SearchAction\",\"target\":{\"@type\":\"EntryPoint\",\"urlTemplate\":\"https:\/\/info-jobs.ro\/?s={search_term_string}\"},\"query-input\":{\"@type\":\"PropertyValueSpecification\",\"valueRequired\":true,\"valueName\":\"search_term_string\"}}],\"inLanguage\":\"ro-RO\"}]}<\/script>\n<!-- \/ Yoast SEO plugin. -->","yoast_head_json":{"title":"Metodologii \u0219i proceduri - Info-Jobs.ro","description":"metodologii si proceduri - start up pentru regiunea sud-est, institutul pentru dezvoltarea resurselor umane","robots":{"index":"index","follow":"follow","max-snippet":"max-snippet:-1","max-image-preview":"max-image-preview:large","max-video-preview":"max-video-preview:-1"},"canonical":"https:\/\/info-jobs.ro\/?page_id=10361","og_locale":"ro_RO","og_type":"article","og_title":"Metodologii \u0219i proceduri - Info-Jobs.ro","og_description":"metodologii si proceduri - start up pentru regiunea sud-est, institutul pentru dezvoltarea resurselor umane","og_url":"https:\/\/info-jobs.ro\/?page_id=10361","og_site_name":"Info-Jobs.ro","article_modified_time":"2021-04-20T11:42:47+00:00","twitter_card":"summary_large_image","twitter_misc":{"Timp estimat pentru citire":"1 minut"},"schema":{"@context":"https:\/\/schema.org","@graph":[{"@type":"WebPage","@id":"https:\/\/info-jobs.ro\/?page_id=10361","url":"https:\/\/info-jobs.ro\/?page_id=10361","name":"Metodologii \u0219i proceduri - Info-Jobs.ro","isPartOf":{"@id":"https:\/\/info-jobs.ro\/#website"},"datePublished":"2019-07-02T19:10:54+00:00","dateModified":"2021-04-20T11:42:47+00:00","description":"metodologii si proceduri - start up pentru regiunea sud-est, institutul pentru dezvoltarea resurselor umane","breadcrumb":{"@id":"https:\/\/info-jobs.ro\/?page_id=10361#breadcrumb"},"inLanguage":"ro-RO","potentialAction":[{"@type":"ReadAction","target":["https:\/\/info-jobs.ro\/?page_id=10361"]}]},{"@type":"BreadcrumbList","@id":"https:\/\/info-jobs.ro\/?page_id=10361#breadcrumb","itemListElement":[{"@type":"ListItem","position":1,"name":"Prima pagin\u0103","item":"https:\/\/info-jobs.ro\/"},{"@type":"ListItem","position":2,"name":"Metodologii \u0219i proceduri"}]},{"@type":"WebSite","@id":"https:\/\/info-jobs.ro\/#website","url":"https:\/\/info-jobs.ro\/","name":"Info-Jobs.ro","description":"Startup pentru Regiunea Sud-Est","potentialAction":[{"@type":"SearchAction","target":{"@type":"EntryPoint","urlTemplate":"https:\/\/info-jobs.ro\/?s={search_term_string}"},"query-input":{"@type":"PropertyValueSpecification","valueRequired":true,"valueName":"search_term_string"}}],"inLanguage":"ro-RO"}]}},"_links":{"self":[{"href":"https:\/\/info-jobs.ro\/index.php?rest_route=\/wp\/v2\/pages\/10361","targetHints":{"allow":["GET"]}}],"collection":[{"href":"https:\/\/info-jobs.ro\/index.php?rest_route=\/wp\/v2\/pages"}],"about":[{"href":"https:\/\/info-jobs.ro\/index.php?rest_route=\/wp\/v2\/types\/page"}],"author":[{"embeddable":true,"href":"https:\/\/info-jobs.ro\/index.php?rest_route=\/wp\/v2\/users\/2"}],"replies":[{"embeddable":true,"href":"https:\/\/info-jobs.ro\/index.php?rest_route=%2Fwp%2Fv2%2Fcomments&post=10361"}],"version-history":[{"count":12,"href":"https:\/\/info-jobs.ro\/index.php?rest_route=\/wp\/v2\/pages\/10361\/revisions"}],"predecessor-version":[{"id":10473,"href":"https:\/\/info-jobs.ro\/index.php?rest_route=\/wp\/v2\/pages\/10361\/revisions\/10473"}],"wp:attachment":[{"href":"https:\/\/info-jobs.ro\/index.php?rest_route=%2Fwp%2Fv2%2Fmedia&parent=10361"}],"curies":[{"name":"wp","href":"https:\/\/api.w.org\/{rel}","templated":true}]}}