{"id":17,"date":"2018-02-22T10:43:50","date_gmt":"2018-02-22T08:43:50","guid":{"rendered":"http:\/\/jobs.sorinchirita.ro\/app\/?page_id=17"},"modified":"2019-07-03T13:36:31","modified_gmt":"2019-07-03T10:36:31","slug":"consiliere","status":"publish","type":"page","link":"https:\/\/info-jobs.ro\/?page_id=17","title":{"rendered":"Concurs planuri de afaceri"},"content":{"rendered":"<h3 style=\"text-align: justify;\"><strong>CRITERIILE DE SELEC\u021aIE A CELOR MAI BUNE IDEI DE AFACERI, vizeaz\u0103 urm\u0103toarele aspecte principale, respectiv:<\/strong><\/h3>\n<ol style=\"text-align: justify;\">\n<li><strong>Tematica planurilor de afaceri<\/strong><\/li>\n<\/ol>\n<p style=\"text-align: justify;\">&#8211; NU vor putea fi selectate \u00een vederea finan\u021b\u0103rii planurile de afaceri care se adreseaz\u0103 activit\u0103\u021bilor economice enumerate la art. 5 din schema de ajutor de minimis asociat\u0103 acestui program, \u0219i anume:<\/p>\n<ul>\n<li>sectoarele pescuitului \u015fi acvaculturii;<\/li>\n<li>domeniul produc\u021biei primare de produse agricole;<\/li>\n<li>sectorul prelucr\u0103rii \u015fi comercializ\u0103rii produselor agricole;<\/li>\n<li>activit\u0103\u0163ile legate de export c\u0103tre \u0163\u0103ri ter\u0163e sau c\u0103tre state membre;<\/li>\n<li>achizi\u0163ia de vehicule de transport rutier de m\u0103rfuri;<\/li>\n<li>utilizarea preferen\u021bial\u0103 a produselor na\u0163ionale fa\u021b\u0103 de cele importate.<\/li>\n<\/ul>\n<p style=\"text-align: justify;\">&#8211; Num\u0103rul planurilor de afaceri care prev\u0103d activit\u0103\u021bi economice ce se \u00eencadreaz\u0103 \u00een CAEN\/sec\u021biunea G\/comert cu ridicata \u0219i cu am\u0103nuntul, repararea autovehiculelor \u0219i motocicletelor, cu excep\u021bia grupei 452\/\u00eentre\u021binerea \u0219i repararea autovehiculelor, <strong>NU VA PUTEA DEP\u0102\u0218I 20% din numarul total al planurilor de afaceri finan\u021bate prin proiect).<\/strong><\/p>\n<p style=\"text-align: justify;\">&#8211; Prin excep\u021bie pot fi selectate planuri de afaceri de tip franciz\u0103.<\/p>\n<p style=\"text-align: justify;\">&#8211; NU vor fi selectate dou\u0103 sau mai multe planuri de afaceri, propuse de persoane diferite, identice sau cu un grad mare de asem\u0103nare \u00een ceea ce prive\u0219te segmentul de pia\u021b\u0103, strategia planului de management \u0219i marketing \u0219i bugetul detaliat.<\/p>\n<ol style=\"text-align: justify;\" start=\"2\">\n<li><strong>Structura eligibil\u0103 obligatorie a planurilor de afaceri supuse procesului de selec\u021bie<\/strong><\/li>\n<\/ol>\n<p style=\"text-align: justify;\">Va include minim cele 7 elemente componente, \u00een acord cu specifica\u021biile GS-CS\/OS3.7:<\/p>\n<ul>\n<li>descrierea afacerii \u0219i a strategiei de implementare a PA, respectiv obiective, activit\u0103\u021bi, rezultate, indicatori;<\/li>\n<li>analiza SWOT a afacerii;<\/li>\n<li>schema organizatoric\u0103 \u0219i politic\u0103 de resurse umane;<\/li>\n<li>descrierea produselor\/serviciilor\/lucr\u0103rilor care fac obiectul afacerii;<\/li>\n<li>analiza pie\u021bei de desfacere \u0219i a concuren\u021bei;<\/li>\n<li>strategia de marketing;<\/li>\n<li>proiec\u021bii financiare privind afacerea.<\/li>\n<\/ul>\n<ol style=\"text-align: justify;\" start=\"3\">\n<li><strong>Etapele \u0219i condi\u021biile derul\u0103rii procesului de selec\u021bie a planurilor de afaceri<\/strong><\/li>\n<\/ol>\n<p style=\"text-align: justify;\"><strong>Etapa I<\/strong> &#8211; transmiterea cererilor de \u00eenscriere \u00een concurs a persoanelor interesate.<\/p>\n<p style=\"text-align: justify;\"><strong>Etapa II<\/strong> &#8211; depunerea dosarelor de concurs; evaluarea planurilor de afaceri pe baza criteriilor definite; selectarea planurilor de afaceri cu peste 90 de puncte; \u00eenscrierea acestora \u00een etapa III de concurs, transmiterea\/publicarea rezultatelor preliminare\/ale primei etape; \u00eenscrierea \u0219i rezolvarea contesta\u021biilor, dup\u0103 caz.<\/p>\n<p style=\"text-align: justify;\"><strong>Etapa III<\/strong> &#8211; organizarea unor interviuri cu persoanele c\u00e2\u0219tig\u0103toare \u00een etapa II de concurs, av\u00e2nd r\u0103spuns admis\/respins; selectarea a 75 de planuri de afaceri viabile \u0219i relevante, cel pu\u021bin 2 planuri de afaceri selectate \u00een fiecare din cele 6 jude\u021be ale regiunii Sud Est, \u00een ordinea descresc\u0103toare a punctajului, cu condi\u021bia s\u0103 fie declarate admise la interviu \u00een etapa III; publicarea rezultatelor finale, f\u0103r\u0103 drept de contesta\u021bie.<\/p>\n<ol style=\"text-align: justify;\" start=\"4\">\n<li><strong>Condi\u021biile de eligibilitate pentru persoanele care doresc acordarea ajutorului de minimis pentru \u00eenfiin\u021barea de start-up-uri<\/strong><\/li>\n<\/ol>\n<p style=\"text-align: justify;\">&#8211; 620 de persoane cu re\u0219edin\u021ba sau domiciliul \u00een mediul rural sau urban \u00een regiunea Sud-Est \u0219i care inten\u021bioneaz\u0103 s\u0103 \u00eenfiin\u021beze o afacere non-agricol\u0103 \u00een mediul urban \u00eentr-unul din cele 6 jude\u021be componente ale regiunii, certificate \u00een cadrul programului de formare antreprenorial\u0103;<\/p>\n<p style=\"text-align: justify;\">&#8211; persoane care nu au participat la cursurile de formare antreprenorial\u0103 organizate \u00een cadrul proiectului, dar care se \u00eencadreaz\u0103 \u00een categoriile de grup \u021bint\u0103 eligibile (potrivit GS-CS OS3.7, num\u0103rul de persoane care beneficiaz\u0103 de ajutor de minimis f\u0103r\u0103 s\u0103 fi participat la programul de formare antreprenorial\u0103 organizat \u00een cadrul proiectului NU VA DEP\u0102\u0218I 10% din numarul total de persoane beneficiare de ajutor de minimis acordate \u00een cadrul proiectului).<\/p>\n<h3 style=\"text-align: center;\">\u00a0CRITERII CE VOR ASIGURA PUNCTAJ SUPLIMENTAR PLANURILOR DE AFACERI<\/h3>\n<p style=\"text-align: justify;\">Planuri de afaceri ce propun:<\/p>\n<ul>\n<li>m\u0103suri \/ activit\u0103\u021bi ce vor promova concret dezvoltarea durabil\u0103 prin dezvoltarea unor produse\/tehnologii\/servicii (min 10%, respectiv 8 PA);<\/li>\n<li>sprijinirea tranzi\u021biei c\u0103tre o economie cu emisii sc\u0103zute de CO2 \u0219i eficient\u0103 din punct de vedere al utiliz\u0103rii resurselor (min. 10%, respectiv 8 PA);<\/li>\n<li>inovarea social\u0103 (min. 10%, respectiv 8 PA);<\/li>\n<li>utilizarea \u0219i calitatea TIC prin implementarea unor solu\u021bii TIC \u00een activitatea economic\u0103 (min. 25%, respectiv 19 PA);<\/li>\n<li>consolidarea cercet\u0103rii, a dezvolt\u0103rii tehnologice \u0219i\/sau a inov\u0103rii (min. 10%, respectiv 8 PA).<\/li>\n<\/ul>\n<p style=\"text-align: justify;\"><strong>PLANURILE DE AFACERI C\u00c2\u0218TIG\u0102TOARE<\/strong><\/p>\n<ul style=\"text-align: justify;\">\n<li>Persoanele ale c\u0103ror planuri de afaceri au fost selectate, vor efectua \u00een mod OBLIGATORIU un stagiu de practic\u0103 de 40 de ore organizat \u00eentr-o intrepridere existent\u0103 \u0219i func\u021bional\u0103, ce face parte din aceea\u0219i grup\u0103 CAEN.<\/li>\n<li>Fiecare beneficiar de ajutor de minimis VA TREBUI S\u0102 ANGAJEZE, la cel t\u00e2rziu 6 luni de la semnarea contractului de ajutor de minimis, cel pu\u021bin 2 persoane cu domiciliul\/re\u0219edin\u021ba \u00een Regiunea SUD EST.<\/li>\n<li><strong>Valoarea maxima acordat\u0103 40.000 euro\/plan de afaceri.<\/strong><\/li>\n<li>Ajutorul de minimis se acord\u0103 \u00een 2 tran\u0219e:\n<ul>\n<li>Tran\u0219a 1: 75%<\/li>\n<li>Tran\u0219a 2: 25%, dup\u0103 12 luni dac\u0103 face dovada c\u0103 a realizat venituri de 30% din valoarea primei tran\u0219e.<\/li>\n<\/ul>\n<\/li>\n<\/ul>\n<ul style=\"text-align: justify;\">\n<li>Toate pl\u0103\u021bile aferente \u00eenfiin\u021b\u0103rii \u0219i func\u021bion\u0103rii start up-ului se fac \u00een primele 12 luni de func\u021bionare.<\/li>\n<li>\u00cen urm\u0103toarele 6 luni (perioada de sustenabilitate), beneficiarul ajutorului de minimis va asigura continuarea func\u021bion\u0103rii afacerii \u0219i va men\u021bine locurile de munc\u0103 create.<\/li>\n<li>Dup\u0103 \u00eenfiin\u021bare, intreprinderile nou create trebuie s\u0103 \u00ee\u0219i continue activitatea pentru o perioad\u0103 de minimum 18 luni, dintre care minim 12 luni \u00een etapa 2.<\/li>\n<\/ul>\n<h3 style=\"text-align: center;\"><span style=\"color: #ff0000;\"><a style=\"color: #ff0000;\" href=\"http:\/\/www.info-jobs.ro\/app\/wp-content\/uploads\/lista_etapa_2_finala_21.01.2019.pdf\" target=\"_blank\" rel=\"noopener noreferrer\"><strong><span style=\"color: #ff0000;\">List\u0103 evaluare tehnico-financiar\u0103 a planurilor de afaceri (21.01.2019)<\/span><\/strong><\/a><\/span><\/h3>\n<h3 style=\"text-align: center;\"><a href=\"http:\/\/www.info-jobs.ro\/app\/wp-content\/uploads\/lista_etapa_2_finala_28.02.2019.pdf\" target=\"_blank\" rel=\"noopener noreferrer\"><strong><span style=\"color: #ff0000;\">List\u0103 evaluare tehnico-financiar\u0103 a planurilor de afaceri (28.02.2019)<\/span><\/strong><\/a><\/h3>\n<h3 style=\"text-align: center;\"><a href=\"http:\/\/www.info-jobs.ro\/app\/wp-content\/uploads\/lista_etapa_2_11.06.2019.pdf\" target=\"_blank\" rel=\"noopener noreferrer\"><span style=\"color: #ff0000;\"><strong>Lista evaluare tehnico-financiara a planurilor de afaceri (11.06.2019)<\/strong><\/span><\/a><\/h3>\n<h3 style=\"text-align: center;\"><a href=\"http:\/\/www.info-jobs.ro\/app\/wp-content\/uploads\/rezultate_partiale_etapa_2_05.06.2019.pdf\" target=\"_blank\" rel=\"noopener noreferrer\"><span style=\"color: #ff0000;\"><strong>Rezultatele partiale ale Etapei II \u2013 evaluarea administrativa, a eligibilitatii planurilor de afaceri (05.06.2019)<\/strong><\/span><\/a><\/h3>\n<h3 style=\"text-align: center;\"><span style=\"color: #ff0000;\"><a style=\"color: #ff0000;\" href=\"http:\/\/www.info-jobs.ro\/app\/wp-content\/uploads\/rezultate_contestatii_etapa2_14.06.2019.pdf\" target=\"_blank\" rel=\"noopener noreferrer\"><strong>Rezultatele Etapei II &#8211; evaluarea planurilor de afaceri (14.06.2019)<\/strong><\/a><\/span><\/h3>\n<h3 style=\"text-align: center;\"><a href=\"http:\/\/www.info-jobs.ro\/app\/wp-content\/uploads\/rezultate_etapa_3_intreviu_18.06.2019.pdf\" target=\"_blank\" rel=\"noopener noreferrer\"><span style=\"color: #ff0000;\"><strong>Rezultatele Etapei III \u2013 INTERVIUL (18.06.2019)<\/strong><\/span><\/a><\/h3>\n<ul>\n<li style=\"list-style-type: none;\">\n<ul>\n<li class=\"moz-quote-pre\"><strong><span style=\"color: #ff0000;\"><a style=\"color: #ff0000;\" href=\"http:\/\/www.info-jobs.ro\/app\/wp-content\/uploads\/105554_rezultate_contestatii.pdf\">Rezultatele contesta\u021biilor Etapei II &#8211; evaluarea planurilor de afaceri<\/a><\/span><\/strong><\/li>\n<li class=\"moz-quote-pre\"><a href=\"http:\/\/www.info-jobs.ro\/app\/wp-content\/uploads\/105554_rezultate_evaluare_administrativa.pdf\"><strong><span style=\"color: #ff0000;\">Rezultatele par\u021biale ale Etapei II &#8211; evaluarea administrativ\u0103, a eligibilit\u0103\u021bii planurilor de afaceri<\/span><\/strong><\/a><\/li>\n<li class=\"moz-quote-pre\"><a href=\"http:\/\/www.info-jobs.ro\/app\/wp-content\/uploads\/105554_rezultate_interviu.pdf\"><strong><span style=\"color: #ff0000;\">Rezultatele Etapei III &#8211; INTERVIUL<\/span><\/strong><\/a><\/li>\n<\/ul>\n<\/li>\n<\/ul>\n<p><img loading=\"lazy\" decoding=\"async\" class=\"aligncenter wp-image-10129 \" title=\"Concurs planuri de afaceri - Startup pentru Regiunea Sud-Est\" src=\"http:\/\/info-jobs.ro\/app\/wp-content\/uploads\/2018\/02\/concurs_planuri_afaceri.png\" alt=\"\" width=\"500\" height=\"347\" srcset=\"https:\/\/info-jobs.ro\/app\/wp-content\/uploads\/2018\/02\/concurs_planuri_afaceri.png 960w, https:\/\/info-jobs.ro\/app\/wp-content\/uploads\/2018\/02\/concurs_planuri_afaceri-300x208.png 300w, https:\/\/info-jobs.ro\/app\/wp-content\/uploads\/2018\/02\/concurs_planuri_afaceri-768x534.png 768w, https:\/\/info-jobs.ro\/app\/wp-content\/uploads\/2018\/02\/concurs_planuri_afaceri-624x434.png 624w\" sizes=\"auto, (max-width: 500px) 100vw, 500px\" \/><\/p>\n","protected":false},"excerpt":{"rendered":"<p>CRITERIILE DE SELEC\u021aIE A CELOR MAI BUNE IDEI DE AFACERI, vizeaz\u0103 urm\u0103toarele aspecte principale, respectiv: Tematica planurilor de afaceri &#8211; NU vor putea fi selectate \u00een vederea finan\u021b\u0103rii planurile de afaceri care se adreseaz\u0103 activit\u0103\u021bilor economice enumerate la art. 5 din schema de ajutor de minimis asociat\u0103 acestui program, \u0219i anume: sectoarele pescuitului \u015fi acvaculturii; [&hellip;]<\/p>\n","protected":false},"author":2,"featured_media":0,"parent":0,"menu_order":0,"comment_status":"closed","ping_status":"closed","template":"","meta":{"footnotes":""},"class_list":["post-17","page","type-page","status-publish","hentry"],"yoast_head":"<!-- This site is optimized with the Yoast SEO plugin v26.9 - https:\/\/yoast.com\/product\/yoast-seo-wordpress\/ -->\n<title>Concurs planuri de afaceri - Info-Jobs.ro<\/title>\n<meta name=\"robots\" content=\"index, follow, max-snippet:-1, max-image-preview:large, max-video-preview:-1\" \/>\n<link rel=\"canonical\" href=\"https:\/\/info-jobs.ro\/?page_id=17\" \/>\n<meta property=\"og:locale\" content=\"ro_RO\" \/>\n<meta property=\"og:type\" content=\"article\" \/>\n<meta property=\"og:title\" content=\"Concurs planuri de afaceri - Info-Jobs.ro\" \/>\n<meta property=\"og:description\" content=\"CRITERIILE DE SELEC\u021aIE A CELOR MAI BUNE IDEI DE AFACERI, vizeaz\u0103 urm\u0103toarele aspecte principale, respectiv: Tematica planurilor de afaceri &#8211; NU vor putea fi selectate \u00een vederea finan\u021b\u0103rii planurile de afaceri care se adreseaz\u0103 activit\u0103\u021bilor economice enumerate la art. 5 din schema de ajutor de minimis asociat\u0103 acestui program, \u0219i anume: sectoarele pescuitului \u015fi acvaculturii; [&hellip;]\" \/>\n<meta property=\"og:url\" content=\"https:\/\/info-jobs.ro\/?page_id=17\" \/>\n<meta property=\"og:site_name\" content=\"Info-Jobs.ro\" \/>\n<meta property=\"article:modified_time\" content=\"2019-07-03T10:36:31+00:00\" \/>\n<meta property=\"og:image\" content=\"http:\/\/info-jobs.ro\/app\/wp-content\/uploads\/2018\/02\/concurs_planuri_afaceri.png\" \/>\n<meta name=\"twitter:card\" content=\"summary_large_image\" \/>\n<meta name=\"twitter:label1\" content=\"Timp estimat pentru citire\" \/>\n\t<meta name=\"twitter:data1\" content=\"5 minute\" \/>\n<script type=\"application\/ld+json\" class=\"yoast-schema-graph\">{\"@context\":\"https:\/\/schema.org\",\"@graph\":[{\"@type\":\"WebPage\",\"@id\":\"https:\/\/info-jobs.ro\/?page_id=17\",\"url\":\"https:\/\/info-jobs.ro\/?page_id=17\",\"name\":\"Concurs planuri de afaceri - Info-Jobs.ro\",\"isPartOf\":{\"@id\":\"https:\/\/info-jobs.ro\/#website\"},\"primaryImageOfPage\":{\"@id\":\"https:\/\/info-jobs.ro\/?page_id=17#primaryimage\"},\"image\":{\"@id\":\"https:\/\/info-jobs.ro\/?page_id=17#primaryimage\"},\"thumbnailUrl\":\"http:\/\/info-jobs.ro\/app\/wp-content\/uploads\/2018\/02\/concurs_planuri_afaceri.png\",\"datePublished\":\"2018-02-22T08:43:50+00:00\",\"dateModified\":\"2019-07-03T10:36:31+00:00\",\"breadcrumb\":{\"@id\":\"https:\/\/info-jobs.ro\/?page_id=17#breadcrumb\"},\"inLanguage\":\"ro-RO\",\"potentialAction\":[{\"@type\":\"ReadAction\",\"target\":[\"https:\/\/info-jobs.ro\/?page_id=17\"]}]},{\"@type\":\"ImageObject\",\"inLanguage\":\"ro-RO\",\"@id\":\"https:\/\/info-jobs.ro\/?page_id=17#primaryimage\",\"url\":\"http:\/\/info-jobs.ro\/app\/wp-content\/uploads\/2018\/02\/concurs_planuri_afaceri.png\",\"contentUrl\":\"http:\/\/info-jobs.ro\/app\/wp-content\/uploads\/2018\/02\/concurs_planuri_afaceri.png\"},{\"@type\":\"BreadcrumbList\",\"@id\":\"https:\/\/info-jobs.ro\/?page_id=17#breadcrumb\",\"itemListElement\":[{\"@type\":\"ListItem\",\"position\":1,\"name\":\"Prima pagin\u0103\",\"item\":\"https:\/\/info-jobs.ro\/\"},{\"@type\":\"ListItem\",\"position\":2,\"name\":\"Concurs planuri de afaceri\"}]},{\"@type\":\"WebSite\",\"@id\":\"https:\/\/info-jobs.ro\/#website\",\"url\":\"https:\/\/info-jobs.ro\/\",\"name\":\"Info-Jobs.ro\",\"description\":\"Startup pentru Regiunea Sud-Est\",\"potentialAction\":[{\"@type\":\"SearchAction\",\"target\":{\"@type\":\"EntryPoint\",\"urlTemplate\":\"https:\/\/info-jobs.ro\/?s={search_term_string}\"},\"query-input\":{\"@type\":\"PropertyValueSpecification\",\"valueRequired\":true,\"valueName\":\"search_term_string\"}}],\"inLanguage\":\"ro-RO\"}]}<\/script>\n<!-- \/ Yoast SEO plugin. -->","yoast_head_json":{"title":"Concurs planuri de afaceri - Info-Jobs.ro","robots":{"index":"index","follow":"follow","max-snippet":"max-snippet:-1","max-image-preview":"max-image-preview:large","max-video-preview":"max-video-preview:-1"},"canonical":"https:\/\/info-jobs.ro\/?page_id=17","og_locale":"ro_RO","og_type":"article","og_title":"Concurs planuri de afaceri - Info-Jobs.ro","og_description":"CRITERIILE DE SELEC\u021aIE A CELOR MAI BUNE IDEI DE AFACERI, vizeaz\u0103 urm\u0103toarele aspecte principale, respectiv: Tematica planurilor de afaceri &#8211; NU vor putea fi selectate \u00een vederea finan\u021b\u0103rii planurile de afaceri care se adreseaz\u0103 activit\u0103\u021bilor economice enumerate la art. 5 din schema de ajutor de minimis asociat\u0103 acestui program, \u0219i anume: sectoarele pescuitului \u015fi acvaculturii; [&hellip;]","og_url":"https:\/\/info-jobs.ro\/?page_id=17","og_site_name":"Info-Jobs.ro","article_modified_time":"2019-07-03T10:36:31+00:00","og_image":[{"url":"http:\/\/info-jobs.ro\/app\/wp-content\/uploads\/2018\/02\/concurs_planuri_afaceri.png","type":"","width":"","height":""}],"twitter_card":"summary_large_image","twitter_misc":{"Timp estimat pentru citire":"5 minute"},"schema":{"@context":"https:\/\/schema.org","@graph":[{"@type":"WebPage","@id":"https:\/\/info-jobs.ro\/?page_id=17","url":"https:\/\/info-jobs.ro\/?page_id=17","name":"Concurs planuri de afaceri - Info-Jobs.ro","isPartOf":{"@id":"https:\/\/info-jobs.ro\/#website"},"primaryImageOfPage":{"@id":"https:\/\/info-jobs.ro\/?page_id=17#primaryimage"},"image":{"@id":"https:\/\/info-jobs.ro\/?page_id=17#primaryimage"},"thumbnailUrl":"http:\/\/info-jobs.ro\/app\/wp-content\/uploads\/2018\/02\/concurs_planuri_afaceri.png","datePublished":"2018-02-22T08:43:50+00:00","dateModified":"2019-07-03T10:36:31+00:00","breadcrumb":{"@id":"https:\/\/info-jobs.ro\/?page_id=17#breadcrumb"},"inLanguage":"ro-RO","potentialAction":[{"@type":"ReadAction","target":["https:\/\/info-jobs.ro\/?page_id=17"]}]},{"@type":"ImageObject","inLanguage":"ro-RO","@id":"https:\/\/info-jobs.ro\/?page_id=17#primaryimage","url":"http:\/\/info-jobs.ro\/app\/wp-content\/uploads\/2018\/02\/concurs_planuri_afaceri.png","contentUrl":"http:\/\/info-jobs.ro\/app\/wp-content\/uploads\/2018\/02\/concurs_planuri_afaceri.png"},{"@type":"BreadcrumbList","@id":"https:\/\/info-jobs.ro\/?page_id=17#breadcrumb","itemListElement":[{"@type":"ListItem","position":1,"name":"Prima pagin\u0103","item":"https:\/\/info-jobs.ro\/"},{"@type":"ListItem","position":2,"name":"Concurs planuri de afaceri"}]},{"@type":"WebSite","@id":"https:\/\/info-jobs.ro\/#website","url":"https:\/\/info-jobs.ro\/","name":"Info-Jobs.ro","description":"Startup pentru Regiunea Sud-Est","potentialAction":[{"@type":"SearchAction","target":{"@type":"EntryPoint","urlTemplate":"https:\/\/info-jobs.ro\/?s={search_term_string}"},"query-input":{"@type":"PropertyValueSpecification","valueRequired":true,"valueName":"search_term_string"}}],"inLanguage":"ro-RO"}]}},"_links":{"self":[{"href":"https:\/\/info-jobs.ro\/index.php?rest_route=\/wp\/v2\/pages\/17","targetHints":{"allow":["GET"]}}],"collection":[{"href":"https:\/\/info-jobs.ro\/index.php?rest_route=\/wp\/v2\/pages"}],"about":[{"href":"https:\/\/info-jobs.ro\/index.php?rest_route=\/wp\/v2\/types\/page"}],"author":[{"embeddable":true,"href":"https:\/\/info-jobs.ro\/index.php?rest_route=\/wp\/v2\/users\/2"}],"replies":[{"embeddable":true,"href":"https:\/\/info-jobs.ro\/index.php?rest_route=%2Fwp%2Fv2%2Fcomments&post=17"}],"version-history":[{"count":17,"href":"https:\/\/info-jobs.ro\/index.php?rest_route=\/wp\/v2\/pages\/17\/revisions"}],"predecessor-version":[{"id":10374,"href":"https:\/\/info-jobs.ro\/index.php?rest_route=\/wp\/v2\/pages\/17\/revisions\/10374"}],"wp:attachment":[{"href":"https:\/\/info-jobs.ro\/index.php?rest_route=%2Fwp%2Fv2%2Fmedia&parent=17"}],"curies":[{"name":"wp","href":"https:\/\/api.w.org\/{rel}","templated":true}]}}